 127
List the prime factors of 2223.
3, 13, 19
What are the prime factors of 46160?
2, 5, 577
What are the prime factors of 244?
2, 61
List the prime factors of 17100.
2, 3, 5, 19
List the prime factors of 208.
2, 13
What are the prime factors of 1333?
31, 43
List the prime factors of 161.
7, 23
What are the prime factors of 1646?
2, 823
What are the prime factors of 10500?
2, 3, 5, 7
What are the prime factors of 9893?
13, 761
What are the prime factors of 808?
2, 101
What are the prime factors of 2632?
2, 7, 47
What are the prime factors of 20029?
20029
What are the prime factors of 10563?
3, 7, 503
What are the prime factors of 5947?
19, 313
What are the prime factors of 7290?
2, 3, 5
List the prime factors of 27316.
2, 6829
List the prime factors of 79.
79
What are the prime factors of 18264?
2, 3, 761
List the prime factors of 75767.
75767
What are the prime factors of 11896?
2, 1487
What are the prime factors of 1878?
2, 3, 313
What are the prime factors of 2410?
2, 5, 241
List the prime factors of 14585.
5, 2917
What are the prime factors of 369?
3, 41
What are the prime factors of 7804?
2, 1951
What are the prime factors of 4190?
2, 5, 419
List the prime factors of 10901.
11, 991
List the prime factors of 5333.
5333
List the prime factors of 7335.
3, 5, 163
List the prime factors of 20805.
3, 5, 19, 73
What are the prime factors of 1138?
2, 569
List the prime factors of 8629.
8629
What are the prime factors of 44272?
2, 2767
List the prime factors of 976.
2, 61
List the prime factors of 15576.
2, 3, 11, 59
What are the prime factors of 4738?
2, 23, 103
List the prime factors of 305.
5, 61
List the prime factors of 15632.
2, 977
List the prime factors of 37182.
2, 3, 6197
List the prime factors of 881.
881
What are the prime factors of 951?
3, 317
What are the prime factors of 41837?
17, 23, 107
What are the prime factors of 60811?
60811
What are the prime factors of 45130?
2, 5, 4513
List the prime factors of 665.
5, 7, 19
What are the prime factors of 1436?
2, 359
What are the prime factors of 12593?
7, 257
List the prime factors of 35980.
2, 5, 7, 257
List the prime factors of 2513.
7, 359
What are the prime factors of 1444?
2, 19
What are the prime factors of 30?
2, 3, 5
What are the prime factors of 2350?
2, 5, 47
What are the prime factors of 9161?
9161
What are the prime factors of 35126?
2, 7, 13, 193
What are the prime factors of 143?
11, 13
List the prime factors of 1108.
2, 277
What are the prime factors of 24731?
7, 3533
What are the prime factors of 1711?
29, 59
What are the prime factors of 65746?
2, 71, 463
What are the prime factors of 2064?
2, 3, 43
List the prime factors of 10462.
2, 5231
What are the prime factors of 5274?
2, 3, 293
What are the prime factors of 3443?
11, 313
List the prime factors of 18892.
2, 4723
List the prime factors of 696.
2, 3, 29
What are the prime factors of 25908?
2, 3, 17, 127
List the prime factors of 94900.
2, 5, 13, 73
List the prime factors of 966.
2, 3, 7, 23
What are the prime factors of 52627?
52627
List the prime factors of 14482.
2, 13, 557
What are the prime factors of 114226?
2, 7, 41, 199
List the prime factors of 2064.
2, 3, 43
List the prime factors of 19441.
19441
List the prime factors of 571.
571
List the prime factors of 103.
103
What are the prime factors of 1093?
1093
List the prime factors of 2494.
2, 29, 43
What are the prime factors of 7182?
2, 3, 7, 19
What are the prime factors of 15250?
2, 5, 61
List the prime factors of 21398.
2, 13, 823
List the prime factors of 91004.
2, 22751
List the prime factors of 195.
3, 5, 13
List the prime factors of 2967.
3, 23, 43
What are the prime factors of 2029?
2029
What are the prime factors of 22236?
2, 3, 17, 109
What are the prime factors of 962?
2, 13, 37
List the prime factors of 3566.
2, 1783
List the prime factors of 1375.
5, 11
What are the prime factors of 455?
5, 7, 13
What are the prime factors of 42536?
2, 13, 409
List the prime factors of 3511.
3511
List the prime factors of 2807.
7, 401
What are the prime factors of 2149?
7, 307
List the prime factors of 59.
59
List the prime factors of 78481.
13, 6037
What are the prime factors of 594?
2, 3, 11
List the prime factors of 1279.
1279
List the prime factors of 8456.
2, 7, 151
List the prime factors of 243.
3
What are the prime factors of 3532?
2, 883
What are the prime factors of 250?
2, 5
List the prime factors of 106458.
2, 3, 11, 1613
List the prime factors of 796.
2, 199
List the prime factors of 17203.
17203
What are the prime factors of 137026?
2, 131, 523
List the prime factors of 15590.
2, 5, 1559
What are the prime factors of 2143?
2143
List the prime factors of 11920.
2, 5, 149
List the prime factors of 1987.
1987
What are the prime factors of 856?
2, 107
What are the prime factors of 81484?
2, 13, 1567
What are the prime factors of 642?
2, 3, 107
List the prime factors of 104689.
13, 8053
What are the prime factors of 4995?
3, 5, 37
List the prime factors of 1353.
3, 11, 41
What are the prime factors of 5446?
2, 7, 389
List the prime factors of 22909.
31, 739
List the prime factors of 190223.
11, 17293
List the prime factors of 728.
2, 7, 13
List the prime factors of 764.
2, 191
List the prime factors of 1911.
3, 7, 13
List the prime factors of 6166.
2, 3083
What are the prime factors of 5693?
5693
What are the prime factors of 3948?
2, 3, 7, 47
What are the prime factors of 9461?
9461
What are the prime factors of 2576?
2, 7, 23
What are the prime factors of 30496?
2, 953
What are the prime factors of 36147?
3, 12049
What are the prime factors of 101?
101
List the prime factors of 8493.
3, 19, 149
List the prime factors of 2132.
2, 13, 41
What are the prime factors of 29860?
2, 5, 1493
List the prime factors of 2728.
2, 11, 31
What are the prime factors of 1257?
3, 419
What are the prime factors of 16504?
2, 2063
What are the prime factors of 11305?
5, 7, 17, 19
What are the prime factors of 42510?
2, 3, 5, 13, 109
List the prime factors of 1179.
3, 131
List the prime factors of 823.
823
List the prime factors of 2321.
11, 211
List the prime factors of 57854.
2, 28927
What are the prime factors of 1761?
3, 587
List the prime factors of 494.
2, 13, 19
List the prime factors of 5996.
2, 1499
List the prime factors of 605.
5, 11
What are the prime factors of 7796?
2, 1949
List the prime factors of 2320.
2, 5, 29
What are the prime factors of 17503?
23, 761
What are the prime factors of 91091?
7, 11, 13
List the prime factors of 10930.
2, 5, 1093
List the prime factors of 2240.
2, 5, 7
List the prime factors of 67147.
83, 809
List the prime factors of 206.
2, 103
List the prime factors of 368.
2, 23
List the prime factors of 2435.
5, 487
List the prime factors of 725.
5, 29
What are the prime factors of 1187?
1187
What are the prime factors of 26295?
3, 5, 1753
What are the prime factors of 366?
2, 3, 61
List the prime factors of 7509.
3, 2503
List the prime factors of 5332.
2, 31, 43
What are the prime factors of 13776?
2, 3, 7, 41
What are the prime factors of 141064?
2, 7, 11, 229
List the prime factors of 5539.
29, 191
List the prime factors of 1372.
2, 7
List the prime factors of 1092.
2, 3, 7, 13
What are the prime factors of 169061?
293, 577
List the prime factors of 7.
7
What are the prime factors of 8983?
13, 691
List the prime factors of 19105.
5, 3821
List the prime factors of 3463.
3463
What are the prime factors of 6606?
2, 3, 367
What are the prime factors of 2972?
2, 743
List the prime factors of 9257.
9257
What are the prime factors of 882?
2, 3, 7
What are the prime factors of 23885?
5, 17, 281
List the prime factors of 17348.
2, 4337
List the prime factors of 135753.
3, 37, 1223
What are the prime factors of 5460?
2, 3, 5, 7, 13
What are the prime factors of 9089?
61, 149
What are the prime factors of 1509?
3, 503
What are the prime factors of 553?
7, 79
What are the prime factors of 3216?
2, 3, 67
List the prime factors of 67979.
67979
List the prime factors of 8354.
2, 4177
What are the prime factors of 16505?
5, 3301
List the prime factors of 4019.
4019
What are the prime factors of 135103?
167, 809
What are the prime factors of 60?
2, 3, 5
List the prime factors of 58102.
2, 11, 19, 139
What are the prime factors of 23304?
2, 3, 971
